{"id":12,"date":"2016-02-04T09:17:00","date_gmt":"2016-02-04T09:17:00","guid":{"rendered":"http:\/\/kgv-inderbraeuke.de\/?page_id=12"},"modified":"2022-01-17T19:59:48","modified_gmt":"2022-01-17T18:59:48","slug":"imker","status":"publish","type":"page","link":"https:\/\/www.kgv-inderbraeuke.de\/?page_id=12","title":{"rendered":"Imker"},"content":{"rendered":"<p style=\"text-align: left;\">In unserem Bienenhaus auf der Obstwiese werden die Bienenv\u00f6lker von unserem Imker Werner Gahlen\u00a0gehegt und gepflegt.<\/p>\n<table>\n<tbody>\n<tr>\n<td>\u00a0<img loading=\"lazy\" decoding=\"async\" title=\"\" src=\"http:\/\/kgv-inderbraeuke.de\/wp-content\/uploads\/2016\/02\/biene_auf_gelber_bluete.jpg\" alt=\"Biene auf gelber Bl\u00fcte\" width=\"400\" height=\"266\" \/><\/td>\n<td>\u00a0<img loading=\"lazy\" decoding=\"async\" src=\"http:\/\/kgv-inderbraeuke.de\/wp-content\/uploads\/2016\/02\/Imker-Bienenhaus.gif\" alt=\"Imker auf der Obstwiese\" width=\"355\" height=\"266\" \/><\/td>\n<td>\u00a0<img loading=\"lazy\" decoding=\"async\" src=\"http:\/\/kgv-inderbraeuke.de\/wp-content\/uploads\/2016\/02\/pexels-photo-42275-2.jpeg\" alt=\"Biene im Anflug\" width=\"387\" height=\"266\" \/><\/td>\n<\/tr>\n<\/tbody>\n<\/table>\n<p>Der Honig, den die flei\u00dfigen Bienen in unseren Kleing\u00e4rten gesammelt haben, ist in unserer Kleingartenanlage k\u00e4uflich zu erwerben.<\/p>\n<p>&nbsp;<\/p>\n<p>&nbsp;<\/p>\n","protected":false},"excerpt":{"rendered":"<p>In unserem Bienenhaus auf der Obstwiese werden die Bienenv\u00f6lker von unserem Imker Werner Gahlen\u00a0gehegt und gepflegt. \u00a0 \u00a0 \u00a0 Der Honig, den die flei\u00dfigen Bienen in unseren Kleing\u00e4rten gesammelt haben, ist in unserer Kleingartenanlage k\u00e4uflich zu erwerben. &nbsp; &nbsp;<\/p>\n","protected":false},"author":1,"featured_media":0,"parent":8,"menu_order":0,"comment_status":"closed","ping_status":"closed","template":"","meta":{"footnotes":""},"_links":{"self":[{"href":"https:\/\/www.kgv-inderbraeuke.de\/index.php?rest_route=\/wp\/v2\/pages\/12"}],"collection":[{"href":"https:\/\/www.kgv-inderbraeuke.de\/index.php?rest_route=\/wp\/v2\/pages"}],"about":[{"href":"https:\/\/www.kgv-inderbraeuke.de\/index.php?rest_route=\/wp\/v2\/types\/page"}],"author":[{"embeddable":true,"href":"https:\/\/www.kgv-inderbraeuke.de\/index.php?rest_route=\/wp\/v2\/users\/1"}],"replies":[{"embeddable":true,"href":"https:\/\/www.kgv-inderbraeuke.de\/index.php?rest_route=%2Fwp%2Fv2%2Fcomments&post=12"}],"version-history":[{"count":19,"href":"https:\/\/www.kgv-inderbraeuke.de\/index.php?rest_route=\/wp\/v2\/pages\/12\/revisions"}],"predecessor-version":[{"id":979,"href":"https:\/\/www.kgv-inderbraeuke.de\/index.php?rest_route=\/wp\/v2\/pages\/12\/revisions\/979"}],"up":[{"embeddable":true,"href":"https:\/\/www.kgv-inderbraeuke.de\/index.php?rest_route=\/wp\/v2\/pages\/8"}],"wp:attachment":[{"href":"https:\/\/www.kgv-inderbraeuke.de\/index.php?rest_route=%2Fwp%2Fv2%2Fmedia&parent=12"}],"curies":[{"name":"wp","href":"https:\/\/api.w.org\/{rel}","templated":true}]}}